when h is divided by 6?
4
Suppose -q + 3*q - 150 = 0. Suppose -4*r - q = -9*r. Calculate the remainder when r is divided by 2*1 - -1*6.
7
Suppose 2 = 2*c + 2*q, 4 = -2*c + 6*c - 2*q. Let h(p) = 2 + 4*p - 2 - 5 - c. What is the remainder when 41 is divided by h(5)?
13
Let d(c) = -36*c**3 + c**2 - 1. Let b be d(-1). Let r be -27 + (0 - -3 - -1). Let v = r + b. What is the remainder when v is divided by 5?
3
Let n(u) be the second derivative of -5/6*u**3 - 3*u**2 + 0 - 3*u. Calculate the remainder when n(-4) is divided by 8.
6
Let m = -13 - -25. Suppose 0 = -2*a + 5*o + 1 + 30, -2*a - 4*o - 14 = 0. What is the remainder when 1/(0 + 3/m) is divided by a?
1
Let n = 0 + 4. What is the remainder when 11 is divided by n?
3
Let u(c) = c**3 + 8*c**2 + c + 4. Let k be (-1 - 13)*(-4)/(-8). What is the remainder when u(k) is divided by 12?
10
Suppose -u - 2*t + 58 = -3*t, -4*u - t + 217 = 0. Calculate the remainder when u is divided by 19.
17
Suppose -j - 2 = -2*o + 4, 18 = 2*o + 2*j. Calculate the remainder when o is divided by 2.
1
Let c = -5 - -11. What is the remainder when c is divided by 2?
0
Let o(i) = i**3 + 6*i**2 + i + 1. Let t be o(-6). Let d(a) = a**2 - a - 5. Calculate the remainder when 73 is divided by d(t).
23
Let m(y) = y**3 + 4*y**2 + y + 3. Calculate the remainder when m(-2) is divided by 5.
4
Suppose -7*h = -2*h - 25. Suppose 11 = -h*m + 1. What is the remainder when 28 is divided by ((-1)/m)/(1/30)?
13
Let f = -3 - -4. Let m be 14/6 + f/(-3). Calculate the remainder when 29 is divided by 136/14 + m/7.
9
Suppose 0 = -b - 3*o + 8, 0 = -2*b + 3*b + 4*o - 5. Suppose 0*r - 4*r + 260 = 0. What is the remainder when r is divided by b?
14
Calculate the remainder when 124/6 + 1/3 is divided by -4*5/((-80)/24).
3
Let b(i) = 42*i**2 + 2*i - 1. Let j be 6/8 - 2/(-8). Suppose 4 - 51 = -3*g - 2*x, 0 = 2*g - x - 29. What is the remainder when b(j) is divided by g?
13
Suppose -h + 133 = 3*k, 0 = -5*k - 3*h - 2*h + 205. Let l(b) = -b**2 + 9*b + 4. What is the remainder when k is divided by l(8)?
10
Let d(l) = 11*l**2 + 2. Let n(m) = 6*m + 6. What is the remainder when n(5) is divided by d(-1)?
10
Suppose -154 = 8*a - 218. Suppose -5*t - 95 = -10*t. What is the remainder when t is divided by a?
3
Let y(v) = -v**2 - v + 7. Let c be y(0). Suppose 2*s + c - 45 = 0. Let l = 27 - 17. What is the remainder when s is divided by l?
9
Let i = 189 + -64. What is the remainder when i is divided by 32?
29
Let n(x) = -35*x. Suppose 2*y - 18 = -4*m, 3*m = 2*y - m + 22. Let z(s) = -s**3 + 6*s**2 + 9*s - 2. What is the remainder when n(y) is divided by z(7)?
11
Suppose -5*u + 4 = -2*g + 22, 0 = -g - 4*u - 4. Suppose 15 - 83 = -g*d. Suppose 23 = 3*t + 5. Calculate the remainder when d is divided by t.
5
Let b(z) = 2*z**2 + 24*z + 2. Let p(d) = -4*d - 9. Calculate the remainder when b(-13) is divided by p(-6).
13
Let c = 55 + -111. Let a = c - -24. Calculate the remainder when -3*(a/6 + 0) is divided by 9.
7
Suppose 3*r - 14 = 4*u, -2*u + 4 - 14 = -3*r. Calculate the remainder when 5 is divided by r.
1
Let a be 2/(-7) - 172/(-14). Suppose 5*h + 2*v = 54, h - a = -4*v + 3*v. What is the remainder when h is divided by 6?
4
Let c(u) = -4*u + 105. Let j = 89 + -49. Calculate the remainder when j is divided by c(21).
19
Let g(z) = -z**3 - 4*z**2 + 6*z + 9. Let b be g(-6). Suppose b = 8*j - 5*j. Let f = -17 - -45. Calculate the remainder when f is divided by j.
13
Suppose 2*l - 122 = 22. Let z = -47 + l. Calculate the remainder when 73 is divided by z.
23
Let x = 241 + -118. What is the remainder when x is divided by 14?
11
Suppose q - 17 = -0*q. Calculate the remainder when 46 is divided by q.
12
Suppose -5*w = -5*v - 140, w - 20 = 5*v + 4. What is the remainder when w is divided by 16?
13
Let u(b) = 2*b + 5. Let f(d) = -d**3 + 50. Calculate the remainder when f(0) is divided by u(6).
16
Let w(a) = -2*a**3 + 2*a**2 + a. Let c be w(-1). Let l = c + 0. Calculate the remainder when 9 is divided by l.
0
Suppose -30 = b - 3*b. Suppose 6*t - 2*t = 36. Calculate the remainder when b is divided by t.
6
Suppose -6*z + 170 = 4*z. Calculate the remainder when 235 is divided by z.
14
Let d(v) = v**2 + 7*v - 12. What is the remainder when d(4) is divided by 11?
10
Suppose 6*q + 16 = 40. Suppose -5*k + 3*i = -40, 3*k + 2*i - 43 = -0*k. What is the remainder when k is divided by q?
3
Let s(q) = -7*q - 2. Suppose 0 = -h + 6 + 6. Calculate the remainder when s(-5) is divided by h.
9
Suppose -i - 4*j - 52 = -4*i, 0 = 5*i + j - 79. Let z = 30 - i. What is the remainder when 26 is divided by z?
12
Suppose -o = -3*o + 5*f + 178, -288 = -3*o - 3*f. Calculate the remainder when o is divided by 16.
14
Let j(w) = 4*w**2 + 3*w - 4. Let h be (5/(-2))/((-3)/(-6)). What is the remainder when h/((-60)/(-8))*-66 is divided by j(-3)?
21
Let o = -100 + 187. Calculate the remainder when o is divided by 22.
21
Suppose -3*w + 5*k + 51 = 0, 38 + 16 = 3*w - 4*k. Calculate the remainder when 54 is divided by w.
10
Suppose -2*v - 5*m = -32, -5*v - 4 = m - 38. What is the remainder when 3/(12/4)*21 is divided by v?
3
Suppose 106 = 5*k - 2*b, -2*k = b - 14 - 23. Suppose 0 = -f + 5*p + 31, 5*f + p - 75 = 6*p. What is the remainder when f is divided by (48/k)/((-10)/(-25))?
5
Let r be -2*86/4 - -2. Let b = r - -67. What is the remainder when b is divided by 14?
12
Suppose 5*i - z + 5*z = 191, -4*z + 74 = 2*i. What is the remainder when 153 is divided by i?
36
Suppose 20 = 16*m - 21*m. Let y = 4 - m. What is the remainder when y is divided by 5?
3
Suppose -m + 24 = 3*m. Let q be (-1 + (-18)/(-10))*115. Calculate the remainder when 28 is divided by 3/(-9) + q/m.
13
Let m = 9 + -5. Let b = -4 + 9. What is the remainder when b is divided by m/(-10) - (-34)/10?
2
Suppose 0 = b + 2*b - 3. Calculate the remainder when 11 is divided by 1 + (-2 - -8)*b.
4
Let a = -132 - -188. Let q = 32 + -13. What is the remainder when a is divided by q?
18
Let f(q) = q**3 - 12*q**2 - 9*q - 13. Calculate the remainder when f(13) is divided by 14.
11
Suppose -6 = 2*i - 0, 2*i = -2*k - 28. Calculate the remainder when 55 is divided by (-143)/k - 1/(-1).
13
Suppose 0 = l + 2*l. Suppose 188 = 4*q - l*q. What is the remainder when q is divided by 16?
15
What is the remainder when 105 is divided by -18*(0 - 4/4)?
15
What is the remainder when (-183)/(-5) + 1*(-8)/(-20) is divided by 10?
7
Let u = 8 + -4. Suppose -m - 2*i + 4 = -0*m, u*m - 2*i = 36. What is the remainder when ((-3)/2)/((-6)/88) is divided by m?
6
Let a = -5 - -10. Let m(u) = u**2 + u - 7. What is the remainder when m(a) is divided by 8?
7
Let m(j) = 2*j - 8. Let p be m(6). Suppose -88 - 72 = -p*k. What is the remainder when k is divided by 11?
7
Let t(j) = 2*j**2 + 3*j + 2. Let z(b) = -4*b**2 - 5*b - 3. Let y(s) = 5*t(s) + 2*z(s). Let c = 1 - -5. Calculate the remainder when y(-4) is divided by c.
4
Let s = 2 + 2. Suppose 0*t - 5*d = -t - 10, 4*t - s*d + 8 = 0. Suppose t = 2*b + 4*u - 14, -5*b + 4*u = -0 - 7. What is the remainder when 8 is divided by b?
2
Suppose 7*c = 76 - 20. What is the remainder when 47 is divided by c?
7
Suppose 3*v = 5*y - 0*y + 42, 0 = -4*v + 2*y + 56. Suppose q + v = d - 0*q, q = 4*d - 47. What is the remainder when 21 is divided by d?
10
What is the remainder when (10/(-4) + 4)*58 is divided by 30?
27
Suppose 3*x = -0*x + 33. What is the remainder when x is divided by 8?
3
Suppose -2*z - 45 = 95. Let j = z - -132. What is the remainder when j is divided by 21?
20
Let c(t) = -t**3 - 19*t**2 + 19*t - 18. Calculate the remainder when 6 is divided by c(-20).
0
Let p(l) be the second derivative of 3*l**3/2 + l**2/2 + l. Let b be p(2). Suppose -49 + b = -5*j. Calculate the remainder when 16 is divided by j.
4
Suppose -4*n + 21 = 1. Suppose 1 + 24 = n*o. Calculate the remainder when 7 is divided by ((-6)/o)/(4/(-10)).
1
Let j = 28 - 19. Calculate the remainder when j is divided by 13/3 - 10/(-15).
4
Let s(x) = -4*x - 11. Calculate the remainder when s(-7) is divided by 4.
1
Suppose -77 = -10*q + 213. What is the remainder when 86 is divided by q?
28
Suppose -3*d - 13 = 5*z, 4*d - 6*z + 2*z - 36 = 0. Let y be -2 + d*(1 - 0). Suppose -y*k = -0*k - 104. Calculate the remainder when k is divided by 18.
16
Suppose -42 = 5*o - 272. What is the remainder when o - (-